**2 - 6*c + 4. Let l(z) = z**2 + 6*z + 7. Let m be l(-5). Let i be (m*-3 - -4)*-2. What is h(i)?
12
Let s(n) be the second derivative of -n**3/3 + 6*n**2 - 2*n + 14. Give s(11).
-10
Let p(s) = 6*s + 3. Let g(m) = 13*m + 5. Let w(f) = 3*g(f) - 7*p(f). Let j = -7 - -3. Calculate w(j).
6
Let s = -9 - -8. Let y(n) be the second derivative of -n**4/4 - 6*n. Give y(s).
-3
Let j(c) = -c - 1. Suppose 2 + 6 = -u. Determine j(u).
7
Suppose -4*p + 6 = -2. Let g(r) be the third derivative of -1/6*r**3 - 4*r**p + 1/24*r**4 + 0*r + 0. What is g(-3)?
-4
Let y(o) = 5*o. Let c be -2*(1 - (0 + -2)). Let b(j) = 3*j - 4. Let q(w) = -w + 2. Let z(u) = -b(u) - 2*q(u). Let n(f) = c*z(f) - y(f). Give n(-6).
-6
Let f(v) = 6*v**2 - 4*v**3 + 3*v**3 + 4*v - 11*v**2 + 2*v**2 + 6. Give f(-4).
6
Let j(y) be the second derivative of y**3/2 - y**2/2 - 42*y. Let f(k) = 12*k - 4. Let b(i) = 2*f(i) - 9*j(i). Calculate b(5).
-14
Let n(d) = d**2 + 13*d - 11. Let f = -15 + 21. Let c(a) = -a + 1. Let k(u) = f*c(u) + n(u). Let v(b) = -b**3 + 2*b**2 + 8*b - 6. Let y be v(4). Determine k(y).
-11
Let d(b) = 3*b**2 - 6*b + 3. Let i(t) = 1. Let r(h) = d(h) - i(h). Let c(n) = n**2 - n + 1. Let f(g) = -2*c(g) + r(g). Calculate f(4).
0
Suppose 407*h + 102 = 424*h. Let u(f) = -f. Let w(g) = g**3 - 5*g**2 - 14*g + 1. Let t(q) = -5*u(q) + w(q). Determine t(h).
-17
Let t(w) = -w - 11. Let a be (-108)/(-4) + 12/(-3). Suppose -24 = -c + 4*c - i, 0 = 2*c - 3*i + a. Determine t(c).
-4
Let r be (-5)/140*-7 - (-124)/16. Let c(d) = -2*d**2 + 14*d + 7. Determine c(r).
-9
Let a = -326 + 318. Let v(y) = -y**2 - 7*y. Calculate v(a).
-8
Let r(a) be the second derivative of a**3/6 - 2*a - 10. Let g(p) = -p. Let b be g(-2). What is r(b)?
2
Let s = 1990 - 1987. Let r(m) = 6*m - 1. Give r(s).
17
Let d be (-4)/(-10)*(8 - 3). Let f(x) = -3 + d - x + 2*x. Let h(w) = -w**3 + 7*w**2 + 12*w - 32. Let v be h(8). Calculate f(v).
-1
Let q(n) = -n**3 + n**2 - 4*n. Suppose 956*k - 962*k - 18 = 0. Calculate q(k).
48
Let b(t) = -t**2 - 8*t + 4. Suppose -o = -320 + 327. Calculate b(o).
11
Let z(u) be the first derivative of -u**4/4 + u**2 - 4. Let y be 1/(-3) - (-10)/(-6). Calculate z(y).
4
Let v(j) = j**3 + 13*j**2 + 13*j + 4. Let s(t) = 2*t**3 + 2*t**2 + 6*t - 12. Let g be s(0). What is v(g)?
-8
Let x = -28 + 28. Suppose -3 = -3*o, -4*o + 7 = b - x. Let u(y) = -5*y**3 + 15*y**b + y**2 - 2*y + 3 - 9*y**3. What is u(2)?
11
Let x(y) = y**3 + 6*y**2 + 3*y + 1. Let s = 33 + -30. Suppose -4*k = -d - 18, 4*d - 3*k = s*d - 15. Determine x(d).
-17
Let d(l) = -l**3 - 28*l**2 + 16*l - 28. Let i(w) = -w**2 - w - 1. Let h(v) = -d(v) + 6*i(v). Calculate h(-23).
-1
Let c be 4/(8/(-6)) - -8. Let q(v) = 3*v + 20. Let n(w) = 2*w + 13. Let s(y) = c*q(y) - 8*n(y). Calculate s(4).
-8
Let w(a) be the first derivative of -2*a**3/3 - a**2/2 + 2*a - 15. Let g(c) be the first derivative of w(c). Give g(1).
-5
Suppose h - 2*r = -1, -5*r = -h - r - 7. Let g(b) = -b - 3*b + 6*b. What is g(h)?
10
Let m(p) = 117*p**2 + 6*p - 229*p**2 + 111*p**2 + 10. Give m(6).
10
Let l(r) be the second derivative of 0 + 23*r - 5/2*r**2 + 7/6*r**3 + 1/12*r**4. Determine l(-7).
-5
Let l(p) be the first derivative of p**4/4 - p**3/3 - 9*p - 10. Suppose -4*s - 3*q + 9 = 0, -2*q + 5 = 4*s - 1. What is l(s)?
-9
Let m be -24 + 25 + (0/(-2) - -1). Let s(c) = c - 3*c - 2*c + 3*c**m - 4*c**3 + 1 + 5*c**3. What is s(-4)?
1
Let o(m) = -m - 5. Suppose 22*u = 40*u + 72. Calculate o(u).
-1
Let s(k) = -k + 13. Let d = 18 + -13. Let j(c) = c - 7. Let m(g) = d*j(g) + 3*s(g). Let l = -7 + 3. Determine m(l).
-4
Let l(p) = 2*p**2 + 3*p + 3. Let q be l(-2). Let g(m) = q*m + m**3 - 6*m**2 - 4 - 3*m + 2. Suppose 9*z - 36 = 18. What is g(z)?
10
Let p(g) = -15*g**2 - g + 1. Let b(o) = -o**3 - 3*o**2 + 3*o. Let j be b(-4). Suppose 5*y - 2*d = 16 - 1, y - 21 = j*d. Calculate p(y).
-15
Let l(h) = 3*h - 19. Let v(f) = -f**2 + 5*f + 4. Let j be v(4). Let r be l(j). Let p(z) = -3*z. Let i(d) = d - 1. Let k(x) = 4*i(x) + p(x). Determine k(r).
1
Let s(i) = 7*i**3 + 4*i**2 + 2*i - 2. Let c(m) = 13*m**3 + 8*m**2 + 4*m - 4. Let a(h) = 6*c(h) - 11*s(h). Let z be a(-2). Let l(u) = u. Give l(z).
2
Let s(y) = y**3 + y + 2 + 1 - 6 - 5*y**2. Let m be (3/(0 - 1))/(-1). What is s(m)?
-18
Let d(h) be the third derivative of -h**6/60 + h**5/20 - h**4/8 + h**3/6 + 21*h**2 - 1. Determine d(2).
-9
Let x be (-4*(-10)/8)/(1/1). Let r(s) = 5*s**2 - 6*s + 11. Let o(i) = 6*i**2 - 6*i + 12. Let d(a) = -4*o(a) + 5*r(a). Give d(x).
2
Let o(a) = -7*a**2 - a. Suppose 0 = 3*z - z + 10. Let p(b) = -b - 4. Let l be p(z). Let j be l/((1 + 2)/3). Give o(j).
-8
Let w(z) = z + 11. Let t(j) = 2*j + 21. Suppose -3*o + 12 + 10 = -5*p, 5*p = 2*o - 18. Let v(q) = p*t(q) + 5*w(q). What is v(-7)?
6
Let n(f) be the first derivative of -f**2 + 12*f + 872. What is n(-18)?
48
Let p(a) be the first derivative of a**4/4 + 5*a**3/3 - 3*a**2 + 5*a - 7. Suppose -11 = -5*s + 9. Let d be 56/(-10) + s/(-10). What is p(d)?
5
Let l be 3 + (0/(-4) - 7). Let p(u) = -u**3 - 5*u**2 - 5*u - 2. Let b be p(-4). Let y(d) = 0*d**3 - 30*d**2 + d - 2*d**3 + 34*d**b + 3*d**3. Determine y(l).
-4
Let u(w) be the third derivative of -w**4/24 - 4*w**3 - 2*w**2 - 22. Calculate u(0).
-24
Let w(t) = t**3 - 5*t**2 + 5*t - 4. Let q = 61 + -57. Let m(x) = 2*x - 5. Let b be m(q). Calculate w(b).
-7
Let m(b) be the first derivative of -2*b**4 + b**3/3 + 3*b**2/2 + b - 440. Determine m(-1).
7
Let y = 61 - 55. Let n(v) = -3*v + 14. What is n(y)?
-4
Let l(b) = -2*b**3 + 2*b**2 + 3*b - 4. Suppose -w + 2*h + 0*h + 6 = 0, w - h - 4 = 0. Calculate l(w).
-6
Let x(w) = -3*w**3 - 5*w**2 + w. Let k(a) = 3*a**3 + 4*a**2 - a. Let i(g) = g + 4. Let q be i(-9). Let n(d) = q*k(d) - 4*x(d). What is n(-1)?
2
Let o(h) = -2 + 4*h**2 + 18*h**2 + 1 + 0. Suppose 441 - 433 = 8*a. What is o(a)?
21
Let m(n) be the first derivative of -2*n**2 - 20*n + 37. What is m(-8)?
12
Let w(v) = -v**2 - 5 - 319*v + 324*v + 0*v**2. Suppose 8*u - 13*u + 20 = 0. Calculate w(u).
-1
Let p(c) be the second derivative of c**6/120 + 3*c**5/20 - c**4/24 - 3*c**3/2 + 24*c**2 + c. Let w(i) be the first derivative of p(i). Calculate w(-9).
0
Let z(j) = j**3 - 20*j**2 - 43*j - 26. Let b be z(22). Let d(x) = x**2 + 3*x. Determine d(b).
4
Suppose l - 2*b = -13, -l - 5*b = l - 1. Let m(o) = -7*o**3 + 7*o**2 + 7*o + 2. Let c(n) = 3*n**3 - 4*n**2 - 4*n - 1. Let d(p) = -9*c(p) - 4*m(p). Give d(l).
-6
Suppose 3*j + 12 = 0, -2*j + 2 - 14 = y. Let v(q) = -2*q - 1. What is v(y)?
7
Let z(n) = -n - 15. Let h be z(9). Let t = 5 + h. Let a be (-1 - -4) + (t - -9). Let s(v) = v**2 + 5*v - 9. What is s(a)?
5
Let r be (-12)/16 + (-2)/8. Let o be -1*r/2*-8. Let m(y) = -y**3 - 5*y**2 - 6*y - 4. Give m(o).
4
Let h(k) = 4 + 3*k + 6*k + 0 - 2*k. Give h(-2).
-10
Let w(m) be the second derivative of -13/2*m**2 + 22*m - 1/6*m**3 + 1/20*m**5 + 0 + 3/4*m**4. Determine w(-9).
-4
Let p(t) = -2*t**2 + 2*t + 1. Let r(o) = o**2 - 5*o. Let x be r(4). Let l = 6 + x. Let j be ((-3)/(-5))/(l/10). Determine p(j).
-11
Let c(x) be the first derivative of -7/2*x**2 + x + 1/3*x**3 + 2. Calculate c(6).
-5
Let z(q) = -2*q - 5. Suppose 0*c - 5*c = 3*r + 38, -4*r - 12 = -3*c. Let m(g) = -1. Let k(d) = r*m(d) + z(d). Calculate k(-3).
7
Let m(f) be the third derivative of -f**6/120 - f**5/15 + f**4/6 - 5*f**3/6 + 68*f**2. Suppose 2*b - b + 5 = 0. What is m(b)?
0
Let c(p) = -p**2 + 6*p + 3. Let b(j) = -4*j**2 + 13*j + 6. Let d(a) = -2*b(a) + 5*c(a). Give d(-3).
18
Suppose -505*d = -508*d + 18. Let s(a) = -a**2 + 4*a + 8. Determine s(d).
-4
Let c(z) = -3*z - 4. Let p(x) = 4*x + 4. Let k(r) = 3*c(r) + 2*p(r). Determine k(-4).
0
Let w be 792/(-57) + 20/(-190). Let g(f) = -f**2 - 15*f - 14. Calculate g(w).
0
Suppose 3*q + 3 = -0*q. Let p(a) be the second derivative of -1/2*a**2 + 7*a + 5/12*a**4 + 0*a**3 + 0. Calculate p(q).
4
Let b(u) = 58*u**3 - 4*u**2 + 7*u. Let q(a) = 59*a**3 - 5*a**2 + 8*a. Let c(t) = 7*b(t) - 6*q(t). Calculate c(-1).
-51
Let y(l) = -6*l**2 + 8 + 6 - 13. Suppose -5*u - 5 = -20. Let o be -1 + (1 - u)*-1. Give y(o).
-5
Let y(o) = -o**2 + o + 2. Let q(z) = 2*z**2 + 7*z + 3. Let i(m) = q(m) + y(m). Give i(-5).
-10
Let j(t) = 8*t + 88*t**3 - 15*t**2 - 87*t**3 - t + 6*t + 15. Calculate j(14).
1
Let o(m) = m**3 - 3*m**2 + 6*m - 4. Let w(x) = x**2 - x + 1. Let b